undreds digit of r?
3
Let j(s) = -19*s**3 + 33*s**2 + 2*s + 48. What is the ten thousands digit of j(-12)?
3
Let q = -346 - -637. Let w = q - 33. What is the units digit of w?
8
Let o = -235 - -378. Let l = o - -363. What is the tens digit of l?
0
Suppose -2*l + 0*l + 194 = 0. Let i = -200 + l. What is the hundreds digit of (2 - i) + 1 + 3 + -2?
1
Let g(z) = 28*z - 27*z + 18*z - 1 - 12 + 7*z. Let c = 9 + 1. What is the tens digit of g(c)?
4
Suppose 0 = x + 3*p - 11096, 5*p - 11 + 41 = 0. What is the units digit of x?
4
Let u = -17 - -35. Let h be 1/((234/13)/(-162)). What is the units digit of (-18)/h + 26*u/4?
9
Suppose -4*r = 4*i - 24, 5*r + 2*i = 7*r - 20. Suppose -5*t = -r*t + 456. What is the units digit of t?
2
Let q(y) = y + 26. Let f(l) = -l + 32. Suppose 5*u - 39 = 31. Let a be f(u). What is the units digit of q(a)?
4
Suppose 79*l - 87*l + 13376 = 0. Let a = l - 325. What is the thousands digit of a?
1
Suppose 64*c - 62*c - 50744 = -o, 5*c - 3*o - 126860 = 0. What is the tens digit of c?
7
Let u = 7645 + -1580. What is the thousands digit of u?
6
Suppose 4*j - 3866 = j - 2*o, -2*j = 4*o - 2572. What is the tens digit of (j/(-9))/(((-160)/24)/10)?
1
What is the units digit of 21570575/130*(51/15 + -3)?
1
Let j(b) = 3*b**3 - 5*b**2 + 5*b - 9. Let l be j(7). Let a = -45 + l. What is the tens digit of a?
6
Let r(v) = 2224*v**2 - 60*v - 187. What is the hundreds digit of r(4)?
1
Let l be 88/(-6)*(-95325)/82. Suppose -23*w + 6663 = -l. What is the units digit of w?
1
Let u = -33103 + 58458. What is the hundreds digit of u?
3
Suppose 3*o + 2*f = 4040, 4*o - 7540 + 2155 = -f. Let t = o + -720. What is the hundreds digit of t?
6
Let o = -5 - -25. Let n be (-171)/(-2)*(o/(-6) - -4). What is the tens digit of n*(28/12 + -1)?
7
Let o = -20 + 24. Suppose z - 8 = 4*b + 3, 3*b = -z + o. What is the tens digit of (-2)/z + 926/7?
3
Suppose -63*a + 311624 - 140680 + 2450045 = 0. What is the ten thousands digit of a?
4
Suppose 175*u = 173*u + 98. What is the units digit of (-18175)/(-35) + (-14)/u?
9
Suppose -4*l = j - 36318 + 4415, -2*j - 7987 = -l. Suppose -1241 - l = -22*w. What is the hundreds digit of w?
4
Suppose 3*x = 3*f + 6891 - 597, -4*f - 6287 = -3*x. What is the units digit of x?
5
Let g(z) = -z**3 - 12*z**2 - 13*z - 22. Let b be g(-14). Let n = b - 366. Suppose 49*m - n = 47*m. What is the tens digit of m?
9
Let j = -11104 - -19716. What is the tens digit of j?
1
What is the hundreds digit of (323298/(-63))/(10/(-35)) + 5?
9
Let l = -1167 - -5424. What is the thousands digit of l?
4
Let v = -52 - -97. Let d = 43 - v. What is the units digit of 0/d + 10 + 36 + 3?
9
Let w(b) = b**2 + 2*b. Let g be w(-3). Let y = -701 - -704. Suppose 0 = 4*c + x - 285, 0*x + 225 = y*c - g*x. What is the units digit of c?
2
Let u = 603 + -522. Suppose 0 = 3*l + u - 84, x - 115 = -l. What is the hundreds digit of x?
1
What is the tens digit of (-3 - (126/27)/(-2))*-11103?
0
Suppose -478 = 3*m - 5*w, 2*m + 434 = w + 106. Let i be 262 + -1 - 8*(-1)/(-4). Let k = m + i. What is the tens digit of k?
9
Let o(m) = m**2 + 4*m + 3. Let a be o(4). Let p = 35 - a. Suppose -5*u + p*u = -110. What is the tens digit of u?
2
Let p(l) = -5*l**3 + 2*l**2 + l - 2. Let m be p(-1). Suppose m*i + 5*n - 1514 = 203, 3*i - 1282 = 2*n. What is the tens digit of i?
2
Let u(y) be the first derivative of 7*y**3/3 - y**2 - 8*y + 1. Suppose 309*h + 1200 - 447 + 483 = 0. What is the hundreds digit of u(h)?
1
Suppose 2*b + 22*z - 25*z - 60138 = 0, -4*b + 120276 = 4*z. What is the tens digit of b?
6
Let v = -66 - -51. What is the hundreds digit of (-70)/((v/(-3))/40*-2)?
2
Let u be (-15)/(-6)*(360/25)/12. Suppose -5*p - 1320 = -2*d - u*d, 4*p + 797 = 3*d. What is the units digit of d?
9
Suppose -8*r + 25907 = 5*y, 1890*y = -2*r + 1885*y + 6503. What is the hundreds digit of r?
2
Suppose -3*g + 2*c = -37, g + c + 41 = 4*g. Let n = g + -12. Suppose 4*x - 3*j - 79 = 0, -n*x + 58 = j - 2*j. What is the units digit of x?
9
Let w(t) = 4*t - 82. Let z be w(14). Let g be 70*((-3)/(-6) - 0). Let r = g + z. What is the units digit of r?
9
Suppose 4*f - 2*q - 36 = 0, 10 = f + 2*q + 11. Let z be (-4)/(-18) + (-124)/(-9). Suppose f*k = 497 - z. What is the units digit of k?
9
Suppose 2*f - f - 2*b - 9 = 0, 3*f = -4*b + 27. Suppose -306 = -f*t + 3*t. What is the units digit of t?
1
Suppose 7*j = 2128 + 336. What is the hundreds digit of j/(-56) - -6 - (-1255)/7?
1
Let o = 6887 + -4823. What is the thousands digit of o?
2
What is the thousands digit of 2 - 13 - (-1945638)/57?
4
Suppose -z - 2*r = z - 60460, z + 2*r = 30223. What is the units digit of z?
7
What is the thousands digit of (-33)/(-9)*((-1105)/(-170))/((-2)/(-120))?
1
Let n(m) = 2*m**2 - 8*m - 16. Let b be ((-4)/((-12)/(-9)))/(2/6). Let r be n(b). Let i = -63 + r. What is the units digit of i?
5
Let w = -54 - -73. Suppose -20*n + 455 = -w*n. What is the units digit of n?
5
Let d(k) = 773*k**2 + 2*k + 2. Let l be d(-1). Suppose 2*j + 3*v = -0*v + 528, -3*j + 5*v + l = 0. What is the units digit of j?
1
Let t = 920 + -225. Suppose -5*g = 4*c - 5*c - 869, 4*g = c + t. What is the tens digit of g?
7
Let q(t) = -2*t + 9. Let l be q(2). Suppose -4*b + 1081 = l*w + 273, -w = b - 162. Suppose -5*s - 5 = 2*p - w, -s = p - 76. What is the tens digit of p?
7
Let l be (-3)/(-2) - (-3)/2. What is the tens digit of (657 + 9)*1/l?
2
Let x(q) = 258*q**2 - 2*q - 4. Let l be x(2). Let c = -718 + l. Suppose -70*k + c = -67*k. What is the units digit of k?
2
Let r(x) = 102*x - 96. Let w be r(6). Suppose -w = -5*b + b. What is the tens digit of b?
2
What is the hundreds digit of 8*485 + -147 + 155?
8
Let d(w) = 1. Let i(v) = v**2 - 9*v. Suppose -34 = -3*l + 5*g, -4 = 2*l - g - 15. Let p(j) = l*d(j) + i(j). What is the units digit of p(9)?
3
What is the thousands digit of (-153 + 32)/((-7)/1610)?
7
Suppose 1463254 = 103*t - 1209596. What is the tens digit of t?
5
Suppose 0 = -2*r - 4*u + 188 + 164, -2*u = 2. What is the hundreds digit of 50664/34 - r/1513?
4
Suppose -339*b = -342*b + 2646. Suppose 579 = 3*c - b. What is the hundreds digit of c?
4
Suppose -23 = -4*d + 4*z + 33, 0 = 5*d - 2*z - 55. Suppose -67 = h - d. Let y = 18 - h. What is the units digit of y?
6
Suppose -4*f + k - 984 = 0, 5*f + 1205 = 2*k - 7*k. Let j = f + 546. What is the tens digit of j?
0
Suppose -4*d = 5*u - 13108 - 1197, -1 = -u. What is the units digit of d?
5
What is the thousands digit of (-1 + 2519)*323/38 + (6 - 0)?
1
Suppose 5*v - 164 - 196 = 0. Let n = -67 + v. Suppose 2*d - 2*k = 220, 0*d = -n*d + 4*k + 548. What is the hundreds digit of d?
1
Suppose 5*x - 25416 = -3*o, -29268 = -4*x + o - 8925. Let q = -3493 + x. What is the thousands digit of q?
1
Suppose -5*g + 5*s + 20 = -2*g, 0 = -3*s - 3. Suppose 4*d - d - 159 = -3*b, g*b + 2*d = 268. What is the tens digit of b?
5
Let m = 16596 - 7339. What is the hundreds digit of m?
2
Let t(w) = 2*w**2 + 4*w + 62. Let j(z) = 5*z**2 + 11*z + 186. Let q(l) = -6*j(l) + 17*t(l). What is the tens digit of q(6)?
9
Suppose 4*g - 1327 = 5*a, 0 = -a + 4*a - g + 792. Let o = 131 - a. What is the hundreds digit of o?
3
Let v = -64 - -60. Let r be -3 + (-4 - v) - -3. Suppose -8 = -4*c + 2*s + 92, c - 4*s - 25 = r. What is the units digit of c?
5
Let f be (-4)/(-10) + 3*(-85)/75. Let m(j) = 9*j**2 + 8*j + 6. Let z be m(f). What is the tens digit of z*1 + 0/(-5)?
6
Let c = -11566 + 17978. Suppose 46*q = 18*q + c. What is the tens digit of q?
2
Let y(a) = 2*a**2 - 6*a - 1. Let w(v) = v**2 - 17*v + 21. Let d = 79 - 63. Let r be w(d). What is the units digit of y(r)?
9
Let l = 32 + 10. Let o = l - 36. Suppose o*k - 382 - 374 = 0. What is the hundreds digit of k?
1
Suppose -54594 = -13*t + 4*t. Suppose -4*z + t = -378. What is the tens digit of z/15 - 8/20?
0
Suppose 0 = -u + 37 - 93. What is the hundreds digit of -734*((2 - -1) + u/16)?
3
What is the units digit of (-4)/11 - ((-58379)/(-3))/((-616)/336)?
4
Let k = -1745 - -1203. Let d = 1000 + k. What is the units digit of d?
8
Suppose 4*m - 2*m - 70 = 0. Suppose -3*d + 188 = 275. Let z = d + m. What is the units digit of z?
6
Let t(h) = 156*h**3 - 2*h**2 + 1. Let x be t(-1). Let v = x - -327. Suppose 6*u = 11*u - v. What is the tens digit of u?
3
Let f = -40 - -48. What is the thousands digit of ((-20)/